{"id":11,"date":"2023-11-02T22:32:39","date_gmt":"2023-11-03T01:32:39","guid":{"rendered":"https:\/\/granclub2023.tljmkt.com.br\/?page_id=11"},"modified":"2024-02-27T13:28:02","modified_gmt":"2024-02-27T16:28:02","slug":"pg-1-principal","status":"publish","type":"page","link":"http:\/\/granclub2023.tljmkt.com.br\/","title":{"rendered":"Gran club ITU: Seu apartamento dos sonhos est\u00e1 aqui!"},"content":{"rendered":"\n<p class=\"has-mobile-text-align-justify\">O Gran Club oferece apartamentos de 2 dormit\u00f3rios, cada um com varanda e uma vaga de garagem. Al\u00e9m disso, voc\u00ea ter\u00e1 acesso a uma ampla \u00e1rea de lazer completa, incluindo piscinas, sal\u00e3o de festas, sal\u00e3o gourmet, quadra esportiva, playground, churrasqueiras, pet place e muito mais! \u00c9 como desfrutar de um clube privado, com as melhores condi\u00e7\u00f5es de pagamento.<\/p>\n\n\n\n<p class=\"has-mobile-text-align-justify\">Enquadrado no Minha Casa Minha Vida, com uma qualidade que voc\u00ea nunca viu<\/p>\n\n\n<style type=\"text\/css\">\r\n\t#foogallery-gallery-10 .fg-image {\r\n        width: 150px;\r\n    }\r\n<\/style>\r\n\t\t\t\t<div class=\"foogallery foogallery-container foogallery-default foogallery-lightbox-foogallery fg-gutter-10 fg-center fg-m-col3 fg-default fg-light fg-loading-default fg-loaded-fade-in fg-caption-hover fg-hover-fade fg-hover-zoom fg-ready\" id=\"foogallery-gallery-10\" data-foogallery=\"{&quot;item&quot;:{&quot;showCaptionTitle&quot;:true,&quot;showCaptionDescription&quot;:true},&quot;lazy&quot;:true}\" >\r\n\t<div class=\"fg-item fg-type-image fg-idle\"><figure class=\"fg-item-inner\"><a data-attachment-id=\"6\" class=\"fg-thumb\"><span class=\"fg-image-wrap\"><img decoding=\"async\" width=\"150\" height=\"150\" class=\"skip-lazy fg-image\" data-src-fg=\"http:\/\/granclub2023.tljmkt.com.br\/wp-content\/uploads\/2023\/11\/MCMV-premium.webp\" src=\"data:image\/svg+xml,%3Csvg%20xmlns%3D%22http%3A%2F%2Fwww.w3.org%2F2000%2Fsvg%22%20width%3D%22150%22%20height%3D%22150%22%20viewBox%3D%220%200%20150%20150%22%3E%3C%2Fsvg%3E\" loading=\"eager\"><\/span><span class=\"fg-image-overlay\"><\/span><\/a><figcaption class=\"fg-caption\"><div class=\"fg-caption-inner\"><\/div><\/figcaption><\/figure><div class=\"fg-loader\"><\/div><\/div><div class=\"fg-item fg-type-image fg-idle\"><figure class=\"fg-item-inner\"><a data-attachment-id=\"7\" class=\"fg-thumb\"><span class=\"fg-image-wrap\"><img decoding=\"async\" width=\"150\" height=\"150\" class=\"skip-lazy fg-image\" data-src-fg=\"http:\/\/granclub2023.tljmkt.com.br\/wp-content\/uploads\/2023\/11\/MCMV-acabamento.webp\" src=\"data:image\/svg+xml,%3Csvg%20xmlns%3D%22http%3A%2F%2Fwww.w3.org%2F2000%2Fsvg%22%20width%3D%22150%22%20height%3D%22150%22%20viewBox%3D%220%200%20150%20150%22%3E%3C%2Fsvg%3E\" loading=\"eager\"><\/span><span class=\"fg-image-overlay\"><\/span><\/a><figcaption class=\"fg-caption\"><div class=\"fg-caption-inner\"><\/div><\/figcaption><\/figure><div class=\"fg-loader\"><\/div><\/div><div class=\"fg-item fg-type-image fg-idle\"><figure class=\"fg-item-inner\"><a data-attachment-id=\"8\" class=\"fg-thumb\"><span class=\"fg-image-wrap\"><img decoding=\"async\" width=\"150\" height=\"150\" class=\"skip-lazy fg-image\" data-src-fg=\"http:\/\/granclub2023.tljmkt.com.br\/wp-content\/uploads\/2023\/11\/MCMV-financiament.webp\" src=\"data:image\/svg+xml,%3Csvg%20xmlns%3D%22http%3A%2F%2Fwww.w3.org%2F2000%2Fsvg%22%20width%3D%22150%22%20height%3D%22150%22%20viewBox%3D%220%200%20150%20150%22%3E%3C%2Fsvg%3E\" loading=\"eager\"><\/span><span class=\"fg-image-overlay\"><\/span><\/a><figcaption class=\"fg-caption\"><div class=\"fg-caption-inner\"><\/div><\/figcaption><\/figure><div class=\"fg-loader\"><\/div><\/div><\/div>\r\n\n","protected":false},"excerpt":{"rendered":"<p>O Gran Club oferece apartamentos de 2 dormit\u00f3rios, cada um com varanda e uma vaga de garagem. Al\u00e9m disso, voc\u00ea ter\u00e1 acesso a uma ampla \u00e1rea de lazer completa, incluindo piscinas, sal\u00e3o de festas, sal\u00e3o gourmet, quadra esportiva, playground, churrasqueiras, pet place e muito mais! \u00c9 como desfrutar de um clube privado, com as melhores &hellip; <\/p>\n<p class=\"link-more\"><a href=\"http:\/\/granclub2023.tljmkt.com.br\/\" class=\"more-link\">Continue reading<span class=\"screen-reader-text\"> &#8220;Gran club ITU: Seu apartamento dos sonhos est\u00e1 aqui!&#8221;<\/span><\/a><\/p>\n","protected":false},"author":1,"featured_media":0,"parent":0,"menu_order":0,"comment_status":"closed","ping_status":"closed","template":"","meta":{"_editorskit_title_hidden":false,"_editorskit_reading_time":0,"_editorskit_is_block_options_detached":false,"_editorskit_block_options_position":"{}","footnotes":""},"class_list":["post-11","page","type-page","status-publish","hentry"],"_links":{"self":[{"href":"http:\/\/granclub2023.tljmkt.com.br\/index.php?rest_route=\/wp\/v2\/pages\/11","targetHints":{"allow":["GET"]}}],"collection":[{"href":"http:\/\/granclub2023.tljmkt.com.br\/index.php?rest_route=\/wp\/v2\/pages"}],"about":[{"href":"http:\/\/granclub2023.tljmkt.com.br\/index.php?rest_route=\/wp\/v2\/types\/page"}],"author":[{"embeddable":true,"href":"http:\/\/granclub2023.tljmkt.com.br\/index.php?rest_route=\/wp\/v2\/users\/1"}],"replies":[{"embeddable":true,"href":"http:\/\/granclub2023.tljmkt.com.br\/index.php?rest_route=%2Fwp%2Fv2%2Fcomments&post=11"}],"version-history":[{"count":8,"href":"http:\/\/granclub2023.tljmkt.com.br\/index.php?rest_route=\/wp\/v2\/pages\/11\/revisions"}],"predecessor-version":[{"id":99,"href":"http:\/\/granclub2023.tljmkt.com.br\/index.php?rest_route=\/wp\/v2\/pages\/11\/revisions\/99"}],"wp:attachment":[{"href":"http:\/\/granclub2023.tljmkt.com.br\/index.php?rest_route=%2Fwp%2Fv2%2Fmedia&parent=11"}],"curies":[{"name":"wp","href":"https:\/\/api.w.org\/{rel}","templated":true}]}}